) = -s**2 - 23*s - 42. Let p be d(-21). Suppose -10*c + 180 + 210 = p. What is the remainder when c is divided by m?
18
Let d(i) = 13 - 5*i + 8 - 4. Let p be d(3). Calculate the remainder when 86/p + 14 + -11 is divided by 16.
14
Suppose -3*m - 182 = -203, p = 4*m + 48. What is the remainder when p is divided by (-1 - 0)*-1 - -19?
16
Let w(p) = p**2 - 7*p - 47. Let c be w(11). Let j = 36 - c. Calculate the remainder when j is divided by 8.
7
Suppose 0 = -7*q + 696 + 718. Suppose 3*j + 3*w - 267 = 0, 2*j + 8*w - 12*w = q. Let d = -4 + 23. Calculate the remainder when j is divided by d.
17
Let h = 45 - 41. Suppose h = -3*z + 1. Calculate the remainder when 2 + -1 + (z - -4*11) is divided by 9.
8
Suppose -29*x = -9*x + 43*x - 586404. What is the remainder when x is divided by 35?
33
Let s = -1 + 11. Let p(b) = -39*b**2 - 365*b + 82. Calculate the remainder when p(-9) is divided by s.
8
Suppose 0 = 22*i - 35*i + 19*i - 36. What is the remainder when 176 is divided by i?
2
Let r = -700 - -748. Suppose -196*g = -192*g - r. What is the remainder when 15 is divided by g?
3
Suppose a + 906*i = 901*i + 23, 2*a = -3*i + 102. What is the remainder when (-128 - 3/(-1))*-1 is divided by a?
62
Let l(t) = -t + 48. Let g = -13085 + 13270. What is the remainder when g is divided by l(0)?
41
Suppose 0 = -u + 24 + 68. What is the remainder when u is divided by ((-51)/(-9))/(640/1120*(-7)/(-12))?
7
Let c(p) = -5*p - 16. Suppose 6*a + 34 = a + t, -5*t = -20. Calculate the remainder when 96 is divided by c(a).
12
Let g(c) = -2*c + 16. Let n be g(8). Suppose n = -21*v + 491 - 71. What is the remainder when v is divided by 11?
9
Let t be (320/28 - 4)/(4/14). Suppose -t*z - 81 = -29*z. Calculate the remainder when z is divided by 11.
5
Suppose -7*v = -2*z - 10*v + 8, 4*z = 4*v + 16. Suppose -z*o + 10*o = 276. What is the remainder when 229 is divided by o?
45
Suppose -10 = -u - 4*u. Let x be 2/1*5/2. What is the remainder when x + -1 + -6 + 6 is divided by u?
0
Suppose 4 = -f + 88. Let n = f + -68. Calculate the remainder when 42 is divided by n.
10
Let a = -1034 - -472. Let t = -520 - a. Calculate the remainder when 207 is divided by t.
39
Let b = 776 + -731. Calculate the remainder when 204 is divided by b.
24
Let x(d) = 2*d**2 + 13*d - 61. Suppose 29 = -s + 35. Calculate the remainder when x(s) is divided by 4.
1
Let m(h) = h**3 - 15*h**2 - 16*h + 3. Let v be m(16). Suppose 0 = v*s + 4*s - 126. Calculate the remainder when 39 is divided by s.
3
Let w(k) = -10*k - k**3 + 0*k + 10*k - 9*k + 7*k**2 + 9. Let d be w(5). Suppose 57 = -11*q + d*q. Calculate the remainder when 73 is divided by q.
16
Suppose -22*i + 12769 + 2961 = 0. Suppose -u + i = 10*u. What is the remainder when u is divided by 17?
14
Suppose -210*g = -225*g - 90. Let n(f) = -45*f + 10. Calculate the remainder when n(g) is divided by 26.
20
Let a = 90 - 40. Let b(v) = -23*v**2 - 1040*v + 977. Calculate the remainder when b(-46) is divided by a.
49
Let r = -478 - -662. Calculate the remainder when r is divided by 16.
8
Let c = 473 + -452. Suppose -153 = -14*y + 1037. Calculate the remainder when y is divided by c.
1
Let v = 2549 + -2488. Calculate the remainder when v is divided by 9.
7
What is the remainder when ((-3900)/(-70) + 0)/(12/56) is divided by 53?
48
Suppose -5*v - 154 + 179 = 0. Let w = 3 + -1. What is the remainder when -10*v/(25/(-2)) is divided by w?
0
Suppose 5*z = 4*i + 12, -7*z = 2*i - 3*z - 20. Suppose 0 = -i*w + 321 - 33. What is the remainder when w is divided by 73?
71
Let f(o) = o**3 + o**2 - o + 117. Suppose 2*c - 4*c = 0. What is the remainder when f(c) is divided by 10 - ((-91)/13 + (0 - -5))?
9
Suppose 0*x = 3*x + 27. Let v(c) = -4*c**2 - 15. Let m(f) = -5*f**2 + f - 10. Let b(g) = 3*m(g) - 4*v(g). Calculate the remainder when b(x) is divided by 17.
16
Let p(h) = -h**3 + 15*h**2 + 141*h + 50. Calculate the remainder when p(17) is divided by 52.
49
Let j(c) = -3*c + 2. Let i(k) = -6*k - 63. Let n be i(-13). Suppose -9*x - 12 = n. Calculate the remainder when j(x) is divided by 10.
1
Let x(p) = -3*p + 42. Let i be x(13). Suppose k - 202 = -4*d + i*k, -139 = -3*d + 4*k. Suppose 2*r - d = -7. What is the remainder when r is divided by 7?
2
Suppose -11173 = -74*f + 69*f + 4*n, 2*f = -5*n + 4489. Calculate the remainder when f is divided by 160.
157
Suppose 3*o - 30 = 3*p, -2*o + 0*p + 30 = -4*p. Suppose 5982 = 18*b + 1788. Suppose -137 - b = -o*g. What is the remainder when g is divided by 15?
14
Suppose -5*f + 97*y + 3066 = 95*y, -3*f = -3*y - 1836. What is the remainder when f is divided by 44?
42
What is the remainder when 336 is divided by (-4 + 5)*-3 + 108*1?
21
Suppose 13*v = -79 - 38. Suppose -3*b + 8*b = 4*a - 96, -2*b - 46 = -2*a. Calculate the remainder when 2/v*-6*429/11 is divided by a.
14
Let x = -4115 + 5469. What is the remainder when x is divided by 59?
56
Suppose -7*k - 2845 = -9929. What is the remainder when k is divided by 9?
4
Let i(q) = -q + 28*q**2 - 3*q**2 + 0*q - 2. Suppose z = 2*v + 128, 3*z - 5*z + 259 = -v. Calculate the remainder when z is divided by i(1).
20
Suppose 5*z + 0*z + 10 = 0, z - 24 = -2*d. What is the remainder when -22 + 63 + 1*-2 + -1 is divided by d?
12
Let q(k) = 104*k**2 + 171*k - 4. Calculate the remainder when q(-3) is divided by 58.
13
Let d(h) = 23*h**2 + 5*h + 2. What is the remainder when 12219 is divided by d(-1)?
19
Let a(o) = -o**3 + 35*o**2 - 26*o - 380. Calculate the remainder when a(32) is divided by 49.
47
Let z(p) = -p**3 - 70*p**2 - 67*p + 146. Suppose -2*s + 77 = 3*y - 40, s + 3*y - 66 = 0. Calculate the remainder when s is divided by z(-69).
3
Suppose 5*x - 5*w - 89910 = 0, 12*x - 17*x + 89882 = 2*w. Calculate the remainder when x is divided by 39.
38
Let c = 4284 - 4109. Calculate the remainder when 529 is divided by c.
4
Suppose 109*k - 105*k = 16. Suppose 5*a - 16 = k. Calculate the remainder when 4 is divided by a.
0
Let r = -6375 - -2847. Suppose -4*h = 4*n - 44, 2*n = -h + 5*n + 31. Calculate the remainder when r/(-45) - 6/(-10) is divided by h.
15
Suppose 2*v + 4*k - 182 = 0, 85 = -4*v + 4*k + 437. Suppose -q + v = 49. Calculate the remainder when 237 is divided by q.
37
Let b(u) = u. Let s = 101 + -61. Suppose 13*j + s = 105. What is the remainder when b(6) is divided by j?
1
Let x = 11377 + -11224. What is the remainder when x is divided by 72?
9
Suppose -2*c = 5*f - 8*f + 63, 0 = -5*f + 4*c + 107. Suppose -5*z - f + 519 = 0. Suppose -2*g + z = 3*g. What is the remainder when 29 is divided by g?
9
Suppose -9*i - 5630 = -12*i - 5*m, -i = -5*m - 1890. Suppose -23*t + i = -13*t. Calculate the remainder when t is divided by 19.
17
Suppose -19*y - 3*r - 30 = -20*y, y - 5*r - 42 = 0. Calculate the remainder when 1353 is divided by y.
9
Let m(w) = -w**2 + 12*w - 27. Let b be m(5). Suppose 3*q = -5*n + 88, b*n - 92 = 3*n - 2*q. Calculate the remainder when 197 is divided by n.
17
Suppose 6*o = -2*o + 2269 + 2587. Calculate the remainder when o is divided by 18.
13
Suppose -4*g - 5*o = -3*o + 114, -1 = o. Let h = g + 26. Calculate the remainder when -3 + 1473/6 + h/(-4) is divided by 49.
47
What is the remainder when 175 is divided by 7 + (-319)/(-9) - (-28)/(-63)?
7
Let h(v) = -46*v**3 + v**2 - 26*v - 24. Calculate the remainder when 6662 is divided by h(-1).
47
Suppose -19*l - 120 = -2*t, 21*t + 555 = 26*t - 5*l. What is the remainder when 259 is divided by t?
25
Suppose -5*m = -5*n + 2080, -860 = -0*n - 2*n - 5*m. Calculate the remainder when n is divided by (55/(-66) + 6/36)/((-4)/318).
49
Let l(q) = 7*q + 62. Let i be l(-8). Suppose -5*n - 5*a + 125 = 0, -4*n = 2*a - 151 + 51. What is the remainder when n is divided by 360/24*(i/5)/2?
7
Let l = 2505 - 1938. What is the remainder when l is divided by 44?
39
Suppose -134 = -4*h - 26. Let u(q) = 2*q + 8. Calculate the remainder when h is divided by u(-2).
3
Suppose -4*a + 5 = w - 3, -2*w - 4*a = -16. Suppose -w*c - 19*c = -486. Calculate the remainder when 209 is divided by c.
11
Let l(r) = -r**3 + 6*r**2 + 8*r + 13. Let b be l(7). Suppose -b*h - 233 = -1233. What is the remainder when h is divided by 18?
14
Let h = -3 - -14. Let b = -25259 + 25365. Calculate the remainder when b is divided by h.
7
Suppose -4*l - 756 + 0 = 4*y, -5*y = -l + 945. Let r = 252 + y. Let